{"id":81,"date":"2020-01-17T08:31:59","date_gmt":"2020-01-17T08:31:59","guid":{"rendered":"http:\/\/manuelammann.ch\/?page_id=81"},"modified":"2023-09-12T09:29:22","modified_gmt":"2023-09-12T07:29:22","slug":"executive-education","status":"publish","type":"page","link":"http:\/\/manuelammann.ch\/de\/executive-education\/","title":{"rendered":"Executive Education"},"content":{"rendered":"<p>Vor meinem Amtsantritt als Rektor der Universit\u00e4t St.Gallen war ich in zahlreichenen Weiterbildungsprogrammen engagiert. So unterrichtete ich in den MBA Programmen an der HSG und der University of California at Berkeley. Zus\u00e4tzlich organisierte ich verschiedene \u00f6ffentliche und firmenspezifische Weiterbildungsprogramme, in denen ich selbst unterrichtete, u.a. Fit for Finance, Fit for Alternative Investments und Fit for Sustainable Finance. Den beliebten Kurs Fit for Finance f\u00fchrte ich mehr als 20 Jahre lang mindestens einmal j\u00e4hrlich als \u00f6ffentlichen Kurs durch.<\/p>\n\n\n\n<p><\/p>","protected":false},"excerpt":{"rendered":"<p>Before taking office as President of the University of St.Gallen, I taught executive education courses in MBA programs at both University of St. Gallen and&#8230;<\/p>\n<div class=\"more-link-wrapper\"><a class=\"more-link\" href=\"http:\/\/manuelammann.ch\/de\/executive-education\/\">Continue Reading<span class=\"screen-reader-text\">Executive Education<\/span><\/a><\/div>","protected":false},"author":1,"featured_media":0,"parent":0,"menu_order":0,"comment_status":"closed","ping_status":"closed","template":"","meta":{"_uag_custom_page_level_css":"","_lmt_disableupdate":"no","_lmt_disable":"","footnotes":""},"uagb_featured_image_src":{"full":false,"thumbnail":false,"medium":false,"medium_large":false,"large":false,"1536x1536":false,"2048x2048":false,"trp-custom-language-flag":false},"uagb_author_info":{"display_name":"Manuel Ammann","author_link":"http:\/\/manuelammann.ch\/de\/author\/mammann\/"},"uagb_comment_info":0,"uagb_excerpt":"Before taking office as President of the University of St.Gallen, I taught executive education courses in MBA programs at both University of St. Gallen and&#8230;Continue ReadingExecutive Education","yoast_head":"<!-- This site is optimized with the Yoast SEO plugin v15.7 - https:\/\/yoast.com\/wordpress\/plugins\/seo\/ -->\n<title>Homepage Prof. Manuel Ammann &ndash; Universit\u00e4t St. Gallen<\/title>\n<meta name=\"description\" content=\"Professor f\u00fcr Finanzen an der Universit\u00e4t St. Gallen, Direktor am Schweizerischen Institut f\u00fcr Banken und Finanzen, Akademischer Direktor des MBF\" \/>\n<meta name=\"robots\" content=\"index, follow, max-snippet:-1, max-image-preview:large, max-video-preview:-1\" \/>\n<link rel=\"canonical\" href=\"http:\/\/manuelammann.ch\/de\/executive-education\/\" \/>\n<meta property=\"og:locale\" content=\"de_DE\" \/>\n<meta property=\"og:type\" content=\"article\" \/>\n<meta property=\"og:title\" content=\"Homepage Prof. Manuel Ammann &ndash; Universit\u00e4t St. Gallen\" \/>\n<meta property=\"og:description\" content=\"Professor f\u00fcr Finanzen an der Universit\u00e4t St. Gallen, Direktor am Schweizerischen Institut f\u00fcr Banken und Finanzen, Akademischer Direktor des MBF\" \/>\n<meta property=\"og:url\" content=\"http:\/\/manuelammann.ch\/de\/executive-education\/\" \/>\n<meta property=\"og:site_name\" content=\"Manuel Ammann\" \/>\n<meta property=\"article:modified_time\" content=\"2023-09-12T07:29:22+00:00\" \/>\n<meta name=\"twitter:card\" content=\"summary_large_image\" \/>\n<meta name=\"twitter:label1\" content=\"Est. reading time\">\n\t<meta name=\"twitter:data1\" content=\"1 Minute\">\n<script type=\"application\/ld+json\" class=\"yoast-schema-graph\">{\"@context\":\"https:\/\/schema.org\",\"@graph\":[{\"@type\":[\"Person\",\"Organization\"],\"@id\":\"http:\/\/manuelammann.ch\/#\/schema\/person\/b0c9ed93aaef8995e6b4e07ea1553c63\",\"name\":\"Manuel Ammann\",\"image\":{\"@type\":\"ImageObject\",\"@id\":\"http:\/\/manuelammann.ch\/#personlogo\",\"inLanguage\":\"de-CH\",\"url\":\"http:\/\/2.gravatar.com\/avatar\/2f12b3134a404751af7860a437fde880?s=96&d=mm&r=g\",\"caption\":\"Manuel Ammann\"},\"logo\":{\"@id\":\"http:\/\/manuelammann.ch\/#personlogo\"},\"sameAs\":[\"http:\/\/manuelammann.ch\",\"https:\/\/de.wikipedia.org\/wiki\/Manuel_Ammann\"]},{\"@type\":\"WebSite\",\"@id\":\"http:\/\/manuelammann.ch\/#website\",\"url\":\"http:\/\/manuelammann.ch\/\",\"name\":\"Manuel Ammann\",\"description\":\"Professor of Finance | University of St. Gallen\",\"publisher\":{\"@id\":\"http:\/\/manuelammann.ch\/#\/schema\/person\/b0c9ed93aaef8995e6b4e07ea1553c63\"},\"potentialAction\":[{\"@type\":\"SearchAction\",\"target\":\"http:\/\/manuelammann.ch\/?s={search_term_string}\",\"query-input\":\"required name=search_term_string\"}],\"inLanguage\":\"de-CH\"},{\"@type\":\"WebPage\",\"@id\":\"http:\/\/manuelammann.ch\/executive-education\/#webpage\",\"url\":\"http:\/\/manuelammann.ch\/executive-education\/\",\"name\":\"Homepage Prof. Manuel Ammann &ndash; Universit\\u00e4t St. Gallen\",\"isPartOf\":{\"@id\":\"http:\/\/manuelammann.ch\/#website\"},\"datePublished\":\"2020-01-17T08:31:59+00:00\",\"dateModified\":\"2023-09-12T07:29:22+00:00\",\"description\":\"Professor f\\u00fcr Finanzen an der Universit\\u00e4t St. Gallen, Direktor am Schweizerischen Institut f\\u00fcr Banken und Finanzen, Akademischer Direktor des MBF\",\"inLanguage\":\"de-CH\",\"potentialAction\":[{\"@type\":\"ReadAction\",\"target\":[\"http:\/\/manuelammann.ch\/executive-education\/\"]}]}]}<\/script>\n<!-- \/ Yoast SEO plugin. -->","_links":{"self":[{"href":"http:\/\/manuelammann.ch\/de\/wp-json\/wp\/v2\/pages\/81"}],"collection":[{"href":"http:\/\/manuelammann.ch\/de\/wp-json\/wp\/v2\/pages"}],"about":[{"href":"http:\/\/manuelammann.ch\/de\/wp-json\/wp\/v2\/types\/page"}],"author":[{"embeddable":true,"href":"http:\/\/manuelammann.ch\/de\/wp-json\/wp\/v2\/users\/1"}],"replies":[{"embeddable":true,"href":"http:\/\/manuelammann.ch\/de\/wp-json\/wp\/v2\/comments?post=81"}],"version-history":[{"count":33,"href":"http:\/\/manuelammann.ch\/de\/wp-json\/wp\/v2\/pages\/81\/revisions"}],"predecessor-version":[{"id":715,"href":"http:\/\/manuelammann.ch\/de\/wp-json\/wp\/v2\/pages\/81\/revisions\/715"}],"wp:attachment":[{"href":"http:\/\/manuelammann.ch\/de\/wp-json\/wp\/v2\/media?parent=81"}],"curies":[{"name":"wp","href":"https:\/\/api.w.org\/{rel}","templated":true}]}}

<p>Vor meinem Amtsantritt als Rektor der Universität St.Gallen war ich in zahlreichenen Weiterbildungsprogrammen engagiert. So unterrichtete ich in den MBA Programmen an der HSG und der University of California at Berkeley. Zusätzlich organisierte ich verschiedene öffentliche und firmenspezifische Weiterbildungsprogramme, in denen ich selbst unterrichtete, u.a. Fit for Finance, Fit for Alternative Investments und Fit for Sustainable Finance. Den beliebten Kurs Fit for Finance führte ich mehr als 20 Jahre lang mindestens einmal jährlich als öffentlichen Kurs durch.</p>



<p></p>

<!-- This site is optimized with the Yoast SEO plugin v15.7 - https://yoast.com/wordpress/plugins/seo/ -->
<title>Homepage Prof. Manuel Ammann &ndash; Universität St. Gallen</title>
<meta name="description" content="Professor für Finanzen an der Universität St. Gallen, Direktor am Schweizerischen Institut für Banken und Finanzen, Akademischer Direktor des MBF" />
<meta name="robots" content="index, follow, max-snippet:-1, max-image-preview:large, max-video-preview:-1" />
<link rel="canonical" href="http://manuelammann.ch/de/executive-education/" />
<meta property="og:locale" content="de_DE" />
<meta property="og:type" content="article" />
<meta property="og:title" content="Homepage Prof. Manuel Ammann &ndash; Universität St. Gallen" />
<meta property="og:description" content="Professor für Finanzen an der Universität St. Gallen, Direktor am Schweizerischen Institut für Banken und Finanzen, Akademischer Direktor des MBF" />
<meta property="og:url" content="http://manuelammann.ch/de/executive-education/" />
<meta property="og:site_name" content="Manuel Ammann" />
<meta property="article:modified_time" content="2023-09-12T07:29:22+00:00" />
<meta name="twitter:card" content="summary_large_image" />
<meta name="twitter:label1" content="Est. reading time">
	<meta name="twitter:data1" content="1 Minute">
<script type="application/ld+json" class="yoast-schema-graph">{"@context":"https://schema.org","@graph":[{"@type":["Person","Organization"],"@id":"http://manuelammann.ch/#/schema/person/b0c9ed93aaef8995e6b4e07ea1553c63","name":"Manuel Ammann","image":{"@type":"ImageObject","@id":"http://manuelammann.ch/#personlogo","inLanguage":"de-CH","url":"http://2.gravatar.com/avatar/2f12b3134a404751af7860a437fde880?s=96&d=mm&r=g","caption":"Manuel Ammann"},"logo":{"@id":"http://manuelammann.ch/#personlogo"},"sameAs":["http://manuelammann.ch","https://de.wikipedia.org/wiki/Manuel_Ammann"]},{"@type":"WebSite","@id":"http://manuelammann.ch/#website","url":"http://manuelammann.ch/","name":"Manuel Ammann","description":"Professor of Finance | University of St. Gallen","publisher":{"@id":"http://manuelammann.ch/#/schema/person/b0c9ed93aaef8995e6b4e07ea1553c63"},"potentialAction":[{"@type":"SearchAction","target":"http://manuelammann.ch/?s={search_term_string}","query-input":"required name=search_term_string"}],"inLanguage":"de-CH"},{"@type":"WebPage","@id":"http://manuelammann.ch/executive-education/#webpage","url":"http://manuelammann.ch/executive-education/","name":"Homepage Prof. Manuel Ammann &ndash; Universit\u00e4t St. Gallen","isPartOf":{"@id":"http://manuelammann.ch/#website"},"datePublished":"2020-01-17T08:31:59+00:00","dateModified":"2023-09-12T07:29:22+00:00","description":"Professor f\u00fcr Finanzen an der Universit\u00e4t St. Gallen, Direktor am Schweizerischen Institut f\u00fcr Banken und Finanzen, Akademischer Direktor des MBF","inLanguage":"de-CH","potentialAction":[{"@type":"ReadAction","target":["http://manuelammann.ch/executive-education/"]}]}]}</script>
<!-- / Yoast SEO plugin. -->
